ommon divisor of 13 and 169?
13
What is the highest common divisor of 111 and 370?
37
What is the greatest common factor of 2050 and 50?
50
What is the greatest common factor of 1407 and 6?
3
What is the greatest common factor of 267 and 6?
3
Calculate the highest common factor of 1581 and 85.
17
What is the greatest common divisor of 40 and 176?
8
Calculate the highest common factor of 82 and 287.
41
What is the highest common divisor of 252 and 108?
36
What is the greatest common divisor of 45 and 330?
15
Calculate the highest common divisor of 678 and 42.
6
What is the greatest common divisor of 1 and 1109?
1
Calculate the greatest common factor of 228 and 12.
12
Calculate the highest common divisor of 4444 and 528.
44
Calculate the highest common divisor of 705 and 30.
15
Calculate the greatest common divisor of 4 and 316.
4
What is the greatest common divisor of 136 and 22406?
34
What is the greatest common divisor of 1463 and 19?
19
What is the highest common factor of 108 and 53?
1
What is the greatest common factor of 16 and 7792?
16
What is the greatest common divisor of 9 and 7047?
9
What is the highest common factor of 126 and 3654?
126
What is the highest common factor of 114 and 513?
57
What is the highest common factor of 111 and 15503?
37
Calculate the greatest common factor of 1404 and 299.
13
Calculate the highest common divisor of 30 and 60.
30
Calculate the greatest common factor of 62 and 2.
2
What is the greatest common divisor of 1053 and 52?
13
What is the highest common divisor of 1302 and 126?
42
What is the highest common divisor of 96 and 3104?
32
What is the highest common factor of 612 and 84?
12
What is the highest common divisor of 20 and 88?
4
What is the greatest common divisor of 220 and 100?
20
What is the highest common divisor of 121 and 660?
11
What is the highest common factor of 80 and 48?
16
Calculate the highest common factor of 39 and 27.
3
Calculate the greatest common factor of 56 and 21.
7
Calculate the highest common factor of 17612 and 148.
148
What is the greatest common divisor of 4350 and 30?
30
What is the greatest common divisor of 275 and 20?
5
Calculate the highest common divisor of 816 and 28.
4
Calculate the greatest common divisor of 5934 and 645.
129
Calculate the greatest common factor of 26 and 9126.
26
What is the highest common factor of 8 and 712?
8
What is the greatest common factor of 20 and 24?
4
Calculate the highest common divisor of 5 and 525.
5
What is the highest common divisor of 16 and 38576?
16
Calculate the highest common divisor of 3792 and 24.
24
What is the greatest common divisor of 1477 and 7?
7
Calculate the highest common divisor of 2574 and 1254.
66
Calculate the highest common factor of 112 and 4.
4
What is the greatest common divisor of 84 and 1236?
12
What is the greatest common factor of 310 and 490?
10
Calculate the greatest common divisor of 5120 and 80.
80
Calculate the highest common divisor of 19 and 2603.
19
Calculate the highest common factor of 621 and 27.
27
Calculate the greatest common factor of 10 and 125.
5
Calculate the greatest common divisor of 5282 and 38.
38
Calculate the highest common factor of 46 and 3887.
23
Calculate the highest common divisor of 61432 and 56.
56
What is the highest common factor of 27 and 1548?
9
What is the highest common factor of 36911 and 14?
7
Calculate the greatest common factor of 39 and 143.
13
What is the highest common divisor of 203 and 2?
1
Calculate the highest common divisor of 3498 and 212.
106
Calculate the highest common divisor of 1593 and 3776.
59
What is the greatest common divisor of 6533 and 141?
47
What is the greatest common factor of 1120 and 20?
20
What is the greatest common factor of 21 and 861?
21
What is the greatest common factor of 492 and 33?
3
Calculate the highest common divisor of 980 and 14.
14
What is the highest common factor of 89 and 979?
89
Calculate the highest common divisor of 45 and 9.
9
What is the highest common factor of 48 and 72?
24
Calculate the highest common divisor of 4968 and 432.
216
Calculate the greatest common factor of 240 and 192.
48
Calculate the greatest common divisor of 64 and 16.
16
Calculate the greatest common divisor of 228 and 684.
228
What is the greatest common factor of 1740 and 87?
87
What is the highest common divisor of 216 and 552?
24
What is the highest common factor of 24 and 2136?
24
Calculate the greatest common factor of 20022 and 423.
141
Calculate the highest common factor of 39 and 416.
13
What is the greatest common factor of 221 and 65?
13
What is the highest common divisor of 3290 and 47?
47
Calculate the highest common factor of 15 and 4990.
5
Calculate the greatest common divisor of 62 and 13082.
62
What is the highest common divisor of 4158 and 770?
154
What is the highest common factor of 372 and 432?
12
What is the highest common factor of 456 and 741?
57
What is the greatest common divisor of 318 and 54?
6
Calculate the highest common factor of 44 and 33143.
11
What is the highest common factor of 122 and 2?
2
What is the greatest common factor of 795 and 60?
15
Calculate the greatest common factor of 13 and 559.
13
Calculate the highest common factor of 34 and 16609.
17
What is the greatest common factor of 425 and 17?
17
Calculate the greatest common divisor of 2848 and 64.
32
What is the highest common factor of 234 and 324?
18
Calculate the highest common divisor of 516 and 7482.
258
Calculate the highest common factor of 4820 and 40.
20
What is the greatest common factor of 36 and 54?
18
Calculate the greatest common factor of 10647 and 63.
63
What is the greatest common divisor of 24 and 22616?
8
What is the greatest common factor of 166 and 15023?
83
What is the greatest common factor of 3417 and 255?
51
Calculate the greatest common divisor of 63 and 135.
9
Calculate the greatest common factor of 6 and 6.
6
Calculate the highest common factor of 6344 and 183.
61
What is the greatest common factor of 130129 and 37?
37
Calculate the highest common factor of 4 and 27.
1
Calculate the greatest common factor of 1026 and 38.
38
Calculate the highest common divisor of 585 and 13.
13
What is the greatest common divisor of 89 and 24119?
89
What is the highest common factor of 2160 and 486?
54
What is the highest common factor of 7 and 11578?
7
What is the greatest common factor of 780 and 450?
30
Calculate the highest common divisor of 27 and 23301.
27
What is the highest common factor of 260 and 6305?
65
What is the greatest common factor of 900 and 684?
36
What is the greatest common divisor of 1 and 131?
1
What is the greatest common factor of 81 and 189?
27
Calculate the greatest common divisor of 53 and 848.
53
What is the highest common divisor of 95 and 114?
19
What is the highest common divisor of 3456 and 6?
6
Calculate the highest common divisor of 21 and 987.
21
Calculate the greatest common divisor of 60 and 340.
20
What is the greatest common factor of 4 and 294?
2
What is the highest common factor of 966 and 42?
42
What is the highest common factor of 143 and 1441?
11
What is the highest common divisor of 6 and 56?
2
What is the greatest common divisor of 96 and 2656?
32
What is the greatest common divisor of 88 and 209?
11
What is the highest common divisor of 155 and 105?
5
Calculate the greatest common factor of 4 and 64.
4
What is the highest common factor of 2727 and 202?
101
What is the highest common divisor of 275 and 260?
5
What is the highest common factor of 340 and 136?
68
Calculate the greatest common divisor of 90 and 16038.
18
Calculate the greatest common divisor of 30 and 384.
6
What is the highest common divisor of 319 and 1837?
11
What is the highest common divisor of 275 and 11?
11
What is the highest common factor of 40 and 460?
20
What is the greatest common factor of 25 and 4?
1
What is the highest common factor of 87 and 725?
29
Calculate the greatest common divisor of 2132 and 820.
164
Calculate the highest common divisor of 51 and 33.
3
Calculate the greatest common divisor of 318 and 6.
6
What is the greatest common divisor of 638 and 116?
58
Calculate the greatest common divisor of 22 and 1111.
11
What is the greatest common factor of 24 and 30?
6
Calculate the highest common di